
b
9 (base 12) to base 7
12
Convert -314 (base 5) to base 9.
-103
Convert 1 (base 14) to base 6.
1
Convert 2 (base 7) to base 8.
2
What is -1 (base 7) in base 5?
-1
-2 (base 15) to base 3
-2
What is 8 (base 14) in base 5?
13
-1 (base 12) to base 15
-1
What is 3 (base 9) in base 16?
3
What is -52 (base 7) in base 6?
-101
-6 (base 12) to base 6
-10
What is 8 (base 9) in base 8?
10
-13a (base 13) to base 8
-332
Convert 5 (base 7) to base 5.
10
What is 30 (base 10) in base 13?
24
Convert -48 (base 15) to base 12.
-58
Convert -37 (base 11) to base 2.
-101000
Convert 0 (base 11) to base 6.
0
-1 (base 14) to base 15
-1
What is -1115 (base 6) in base 12?
-19b
What is b8 (base 14) in base 3?
20000
What is 9 (base 12) in base 8?
11
What is -2 (base 7) in base 5?
-2
2 (base 6) to base 15
2
Convert 20 (base 11) to base 7.
31
Convert 101211 (base 3) to base 5.
2132
What is 9 (base 12) in base 14?
9
-1 (base 10) to base 11
-1
-101 (base 5) to base 2
-11010
Convert 101 (base 3) to base 2.
1010
What is -c (base 15) in base 6?
-20
What is 213 (base 9) in base 16?
ae
-332 (base 4) to base 8
-76
-334 (base 10) to base 2
-101001110
What is 10 (base 11) in base 14?
b
51 (base 12) to base 4
331
65 (base 16) to base 13
7a
What is 1102 (base 3) in base 11?
35
3 (base 4) to base 8
3
-551 (base 6) to base 12
-157
What is 21 (base 3) in base 12?
7
What is -1110 (base 2) in base 16?
-e
30 (base 4) to base 8
14
Convert -1010 (base 5) to base 6.
-334
1101 (base 2) to base 7
16
What is 2 (base 4) in base 9?
2
What is -6 (base 13) in base 9?
-6
-1 (base 9) to base 2
-1
-54 (base 13) to base 12
-59
What is 458 (base 9) in base 3?
111222
Convert 28 (base 11) to base 15.
20
Convert -1451 (base 6) to base 4.
-12013
10100 (base 2) to base 9
22
Convert -202 (base 3) to base 5.
-40
Convert -13 (base 5) to base 6.
-12
Convert 9 (base 11) to base 8.
11
What is -100 (base 4) in base 2?
-10000
Convert 1 (base 11) to base 15.
1
10 (base 10) to base 8
12
Convert 18 (base 13) to base 16.
15
Convert -1b (base 13) to base 6.
-40
What is -212 (base 10) in base 4?
-3110
Convert -2 (base 9) to base 15.
-2
-10010 (base 3) to base 11
-77
-10a (base 14) to base 15
-db
Convert 47 (base 9) to base 13.
34
27 (base 10) to base 9
30
10 (base 2) to base 11
2
What is 312 (base 5) in base 14?
5c
What is -3a (base 16) in base 7?
-112
What is -10 (base 3) in base 7?
-3
Convert -221 (base 3) to base 14.
-1b
-251 (base 8) to base 4
-2221
What is -22 (base 3) in base 7?
-11
What is 1 (base 6) in base 16?
1
34 (base 13) to base 12
37
What is -4 (base 14) in base 5?
-4
What is c4 (base 14) in base 7?
334
6 (base 16) to base 2
110
-10 (base 5) to base 10
-5
6 (base 9) to base 7
6
-3 (base 12) to base 14
-3
-1 (base 16) to base 14
-1
What is -254 (base 10) in base 5?
-2004
Convert 10122 (base 3) to base 7.
200
What is 10 (base 7) in base 6?
11
Convert 4 (base 10) to base 6.
4
Convert -2 (base 4) to base 3.
-2
-25 (base 10) to base 16
-19
-1002 (base 4) to base 6
-150
-7 (base 12) to base 8
-7
What is -131 (base 4) in base 12?
-25
Convert -67 (base 12) to base 9.
-87
56 (base 8) to base 15
31
-105 (base 7) to base 9
-60
What is -3030 (base 4) in base 16?
-cc
What is -c (base 15) in base 5?
-22
62 (base 11) to base 2
1000100
-32 (base 4) to base 2
-1110
What is -14 (base 8) in base 2?
-1100
Convert -7 (base 11) to base 5.
-12
Convert 120 (base 5) to base 10.
35
What is 0 (base 6) in base 16?
0
-34 (base 16) to base 13
-40
Convert -12 (base 6) to base 13.
-8
-100100 (base 2) to base 12
-30
What is -11 (base 6) in base 9?
-7
Convert 8 (base 10) to base 15.
8
What is 92 (base 12) in base 13?
86
Convert -640 (base 7) to base 2.
-101000010
52 (base 15) to base 16
4d
-2 (base 8) to base 9
-2
What is 37 (base 10) in base 14?
29
What is 1 (base 6) in base 14?
1
Convert 10011001 (base 2) to base 15.
a3
-2a (base 12) to base 15
-24
-13 (base 5) to base 8
-10
What is 3 (base 11) in base 13?
3
-532 (base 6) to base 12
-148
10 (base 4) to base 10
4
-3 (base 8) to base 10
-3
-11 (base 2) to base 10
-3
Convert -233 (base 4) to base 14.
-35
4 (base 15) to base 11
4
-11 (base 3) to base 14
-4
What is 30 (base 13) in base 15?
29
What is 2022 (base 5) in base 2?
100000110
What is 10 (base 2) in base 13?
2
What is 0 (base 15) in base 5?
0
Convert -2 (base 6) to base 14.
-2
What is -4 (base 15) in base 11?
-4
65 (base 8) to base 11
49
-3 (base 14) to base 7
-3
Convert 2 (base 16) to base 13.
2
What is 9 (base 13) in base 10?
9
-424 (base 6) to base 5
-1120
Convert -102 (base 8) to base 11.
-60
-3 (base 7) to base 10
-3
Convert 10010111 (base 2) to base 4.
2113
What is -159 (base 12) in base 9?
-256
What is -1e (base 16) in base 3?
-1010
What is -10 (base 2) in base 9?
-2
What is 10 (base 12) in base 11?
11
1120 (base 3) to base 9
46
What is -3 (base 13) in base 10?
-3
Convert -22 (base 10) to base 16.
-16
Convert 2 (base 13) to base 5.
2
What is -18 (base 14) in base 9?
-24
What is -1 (base 7) in base 8?
-1
What is 12 (base 5) in base 14?
7
-3 (base 8) to base 16
-3
What is -2 (base 9) in base 10?
-2
What is -c (base 14) in base 13?
-c
What is 23 (base 15) in base 3?
1020
What is -10 (base 3) in base 16?
-3
What is 102 (base 3) in base 5?
21
-22 (base 5) to base 11
-11
What is -474 (base 8) in base 6?
-1244
Convert -4 (base 8) to base 7.
-4
What is 11000100 (base 2) in base 3?
21021
What is 1423 (base 5) in base 9?
284
What is -1c (base 16) in base 9?
-31
-69 (base 15) to base 3
-10200
What is -64 (base 8) in base 10?
-52
What is 1 (base 15) in base 16?
1
What is b (base 13) in base 6?
15
Convert 2 (base 3) to base 11.
2
Convert 17 (base 11) to base 13.
15
Convert 4 (base 7) to base 13.
4
14 (base 7) to base 13
b
Convert -38 (base 14) to base 13.
-3b
What is -46 (base 12) in base 8?
-66
1b (base 15) to base 3
222
What is -16 (base 13) in base 9?
-21
-4 (base 13) to base 6
-4
0 (base 5) to base 9
0
Convert -144 (base 7) to base 13.
-63
1a (base 13) to base 8
27
Convert 7 (base 8) to base 14.
7
-8 (base 9) to base 7
-11
12 (base 16) to base 8
22
What is 4 (base 11) in base 13?
4
What is -132 (base 5) in base 6?
-110
Convert 7 (base 16) to base 6.
11
-21011 (base 3) to base 16
-c1
What is -4 (base 14) in base 16?
-4
Convert 0 (base 9) to base 13.
0
What is -2 (base 5) in base 16?
-2
-13 (base 11) to base 13
-11
Convert -2301 (base 4) to base 9.
-216
-11010000 (base 2) to base 13
-130
What is 0 (base 2) in base 8?
0
Convert -10 (base 6) to base 10.
-6
What is 22 (base 10) in base 8?
26
-26 (base 12) to base 11
-28
Convert 44 (base 8) to base 12.
30
Convert 12 (base 4) to base 5.
11
-101 (base 4) to base 6
-25
What is 11 (base 6) in base 10?
7
Convert -41 (base 6) to base 14.
-1b
-10 (base 11) to base 7
-14
Convert 24 (base 7) to base 15.
13
Convert 22 (base 16) to base 2.
100010
-4 (base 14) to base 9
-4
What is -15 (base 8) in base 2?
-1101
Convert 6 (base 14) to base 13.
6
-3 (base 12) to base 16
-3
What is 27 (base 10) in base 14?
1d
What is 0 (base 15) in base 13?
0
1 (base 2) to base 3
1
25 (base 9) to base 3
212
What is 17 (base 11) in base 12?
16
What is 1a (base 11) in base 9?
23
What is b0 (base 16) in base 3?
20112
4 (base 13) to base 16
4
Convert 3 (base 16) to base 9.
3
66 (base 16) to base 4
1212
Convert 22 (base 7) to base 4.
100
Convert 65 (base 15) to base 2.
1011111
What is -2 (base 13) in base 8?
-2
Convert 7c (base 13) to base 3.
10211
What is -1 (base 11) in base 9?
-1
Convert -67 (base 14) to base 6.
-231
22 (base 4) to base 10
10
Convert 0 (base 14) to base 4.
0
Convert ad (base 16) to base 13.
104
2 (base 10) to base 4
2
-11 (base 6) to base 7
-10
What is 414 (base 6) in base 8?
232
109 (base 12) to base 3
12200
-13 (base 9) to base 10
-12
What is 7 (base 10) in base 8?
7
1101 (base 2) to base 7
16
0 (base 14) to base 11
0
22 (base 13) to base 16
1c
Convert -3 (base 15) to base 10.
-3
Convert 9d (base 14) to base 5.
1024
-52 (base 10) to base 3
-1221
Convert 9 (base 15) to base 13.
9
1 (base 9) to base 10
1
Convert -1 (base 7) to base 3.
-1
What is -80 (base 12) in base 15?
-66
-9e (base 15) to base 2
-10010101
What is 6 (base 7) in base 11?
6
-4 (base 5) to base 15
-4
Convert -2 (base 4) to base 12.
-2
-5 (base 8) to base 4
-11
Convert 72 (base 13) to base 2.
1011101
What is -32 (base 10) in base 3?
-1012
0 (ba